{"id":425,"date":"2014-12-15T11:53:47","date_gmt":"2014-12-15T10:53:47","guid":{"rendered":"http:\/\/bandits-mages.antrepeaux.net\/site2015\/?page_id=425"},"modified":"2017-02-24T10:13:20","modified_gmt":"2017-02-24T09:13:20","slug":"presentation","status":"publish","type":"page","link":"https:\/\/bandits-mages.antrepeaux.net\/es\/presentation\/","title":{"rendered":"Pr\u00e9sentation"},"content":{"rendered":"<h3 class=\"p1\"><b>D\u2019abord un Festival<\/b><\/h3>\n<p>&nbsp;<\/p>\n<p class=\"p2\">C\u2019est gr\u00e2ce \u00e0 l\u2019impulsion et la volont\u00e9 d\u2019\u00e9tudiants et enseignants des Beaux-Arts de Bourges qu\u2019est n\u00e9e l\u2019association Bandits-Mages en 1991. Ses fondateurs sont<span class=\"s1\">\u00a0<\/span> Roland Baladi, St\u00e9phane Beaudonnet, Nicolas Denise, Muriel Drouot, Jean-Paul Labro, Gilles Martinez, Christian Merlhiot et Fr\u00e9d\u00e9ric Terrier.<\/p>\n<blockquote class=\"p2\"><p>\u00ab\u00a0Inventifs, astucieux, lucides, ils ont envie de partager et de faire partager leur passion pour des images qui ne soient pas celles, trop us\u00e9es, trop vides, trop peu imaginatives, auxquelles nous sommes constamment expos\u00e9s.<span class=\"s1\">\u00a0<\/span>\u00bb \u2014\u00a0Patrick Talbot, 1993.<\/p><\/blockquote>\n<p class=\"p2\">Ce groupe audacieux avait pour objectif premier de faire conna\u00eetre la cr\u00e9ation vid\u00e9o, en pleine \u00e9mergence dans les \u00e9coles d\u2019art. Il d\u00e9fendait un m\u00e9dium, outil en devenir pour les artistes. En 1992, il organisait les premi\u00e8res rencontres des \u00e9coles d\u2019art en France. Et pour ne se priver d\u2019aucune pratique parente de l\u2019art vid\u00e9o, Bandits-Mages a aussi \u00e9t\u00e9 d\u00e8s ses d\u00e9buts un lieu de diffusion du cin\u00e9ma exp\u00e9rimental, de la performance, de la cr\u00e9ation multim\u00e9dia (ou arts m\u00e9diatiques, sonores et visuels).<br \/>\nUne grande famille du mouvement.<\/p>\n<p class=\"p2\">Sous cette impulsion se d\u00e9voile la n\u00e9cessit\u00e9 encore vivante de soutenir des pratiques ind\u00e9pendantes et en perp\u00e9tuelle mutation. Espace de confrontation entre \u00e9tudiants, jeunes artistes et artistes de r\u00e9f\u00e9rence, le Festival a \u00e9t\u00e9 l\u2019occasion d\u2019inviter de grandes figures, comme Harun Farocki (1997) et Thierry Kuntzel (1999).<\/p>\n<p class=\"p2\">Il conna\u00eetra ensuite plusieurs \u00e9tapes de changement dans ses orientations et dans sa programmation, sans jamais perdre son \u00e2me militante.<\/p>\n<p class=\"p2\"><strong>Entre 2003 et 2007,<\/strong> le Festival se focalise sur la cr\u00e9ation vid\u00e9o, cin\u00e9matographique et multim\u00e9dia d\u2019un pays invit\u00e9 et devient l\u2019occasion d\u2019inviter des artistes et cin\u00e9astes du Danemark, de la Hollande, de la Belgique et du Portugal.<\/p>\n<p class=\"p2\"><strong>Entre 2007 et 2011,<\/strong> sur la proposition de Paul Devautour, alors directeur de l\u2019\u00c9cole nationale sup\u00e9rieure d\u2019art de Bourges, le Festival se dote d\u2019un prix\u00a0: le Bonnet d\u2019or. Ce prix permet \u00e0 des \u00e9tudiants fran\u00e7ais ou \u00e9trangers d\u2019exposer lors de la Biennale d\u2019art contemporain de Bourges d\u2019une part et, de l\u2019autre, \u00e0 de jeunes artistes vid\u00e9astes de b\u00e9n\u00e9ficier d\u2019une bourse de 2000\u20ac offerte par le Conseil g\u00e9n\u00e9ral du Cher.<\/p>\n<p class=\"p2\"><strong>En 2013,<\/strong> le Festival prend un nouveau tournant et s\u2019annualise sous la forme de Rencontres dans les champs d\u00e9sormais circonscrits de \u00ab\u00a0l\u2019image en mouvement\u00a0\u00bb et des \u00ab\u00a0arts m\u00e9diatiques\u00a0\u00bb<span class=\"s2\">1<\/span>. Ces rencontres ont la particularit\u00e9 d\u2019\u00eatre construites comme un espace d\u2019exp\u00e9rimentation pour des groupes d\u2019\u00e9tudiants de plusieurs \u00e9coles d\u2019arts fran\u00e7aises (workshops, stages, groupes de recherches) et comme une plate-forme de programmation con\u00e7ue avec des artistes et des acteurs de la cr\u00e9ation vid\u00e9o et cin\u00e9matographique contemporaine.<\/p>\n<p class=\"p2\">Si le Festival a pu s\u2019inscrire dans le paysage local, c\u2019est gr\u00e2ce \u00e0 ses partenaires historiques comme l\u2019<a href=\"http:\/\/www.ensa-bourges.fr\/\">\u00c9cole nationale sup\u00e9rieure d\u2019Art de Bourges<\/a> et la <a href=\"http:\/\/www.mcbourges.com\/\">Maison de la Culture<\/a>, et \u00e0 l\u2019implantation de l\u2019association sur la Friche Culturelle l\u2019Antre-Peaux.<\/p>\n<blockquote class=\"p2\"><p>Bandits-Mages est h\u00e9riti\u00e8re d\u2019une histoire de l\u2019art vid\u00e9o et d\u2019une culture dite \u00ab<span class=\"s1\">\u00a0<\/span>underground<span class=\"s1\">\u00a0<\/span>\u00bb, en marge des habitudes culturelles dites \u00ab\u00a0mainstream\u00a0\u00bb. C\u2019est un lieu de fabrique au service des pratiques autonomes et productions alternatives.<\/p><\/blockquote>\n<p class=\"p4\">Ainsi, Bandits-Mages est une structure unique offrant une plate-forme de r\u00e9sidence, de production, d\u2019exp\u00e9rimentation, de recherche, de diffusion et de sensibilisation dans le domaine \u00e9largi des m\u00e9dias contemporains\u00a0tels que la vid\u00e9o, le cin\u00e9ma, le son, ou encore les objets \u00e9lectroniques et num\u00e9riques. Autant de possibilit\u00e9s qui conf\u00e8rent \u00e0 Bandits-Mages son caract\u00e8re fluide et modulable pour laisser toute la libert\u00e9 de s\u2019\u00e9panouir \u00e0 une pens\u00e9e\u00a0: celle de l\u2019artiste, du cr\u00e9ateur, du philosophe, du p\u00e9dagogue, de l\u2019\u00e9tudiant, du chercheur qui vient s\u2019approprier l\u2019outil qu\u2019offre la structure.<\/p>\n<p class=\"p4\">L\u2019activit\u00e9 annuelle de l\u2019association est focalis\u00e9e d\u2019une part sur l\u2019organisation des Rencontres, et d\u2019autre part sur l\u2019accueil en r\u00e9sidences d\u2019artistes vid\u00e9astes ou cin\u00e9astes, la production et la diffusion d\u2019\u0153uvres vid\u00e9os, cin\u00e9matographiques <span class=\"s3\">et dites \u00ab<\/span>\u00a0<span class=\"s3\">m\u00e9diatiques<\/span>\u00a0<span class=\"s3\">\u00bb,<span class=\"Apple-converted-space\">\u00a0 <\/span>la transmission de ces pratiques artistiques et la formation aux outils num\u00e9riques. Bandits-Mages offre en ce sens aux artistes un espace de libert\u00e9 esth\u00e9tique et de recherche\u00a0: le Ha\u00efdouc.<\/span><\/p>\n<h3 class=\"p1\"><b>L\u2019association<\/b><\/h3>\n<p>&nbsp;<\/p>\n<p>L\u2019association est compos\u00e9e d\u2019une \u00e9quipe de 4 \u00e0 6 salari\u00e9s.<\/p>\n<p class=\"p2\"><b>Les usagers de Bandits-Mages sont\u00a0alors :<\/b><\/p>\n<ul>\n<li class=\"p2\">les artistes<\/li>\n<li class=\"p2\">les cin\u00e9astes ind\u00e9pendants<\/li>\n<li class=\"p2\">les enseignants des \u00e9coles d\u2019art et des \u00e9tablissements d\u2019enseignement du cin\u00e9ma et des pratiques audiovisuelles<\/li>\n<li class=\"p2\">les \u00e9tudiants des \u00e9coles d\u2019art<\/li>\n<li class=\"p2\">les scolaires (coll\u00e9giens et lyc\u00e9ens)<\/li>\n<li class=\"p2\">les personnes de tous \u00e2ges en qu\u00eate d\u2019apprentissage des outils num\u00e9riques et de la vid\u00e9o<\/li>\n<li class=\"p2\">les structures d\u2019enseignement, d\u2019actions sociales et culturelles\u00a0: les \u00e9coles d\u2019art, les associations culturelles, les lyc\u00e9es, les m\u00e9diath\u00e8ques, la FOL, le SPIP,<span class=\"Apple-converted-space\">\u00a0 <\/span>la CAF, la DRJSCS, la Maison de la culture de Bourges, le Conservatoire de musique et de danse de Bourges, l\u2019\u00c9PIDE \u2026 (liste non exhaustive)<\/li>\n<\/ul>\n<h4 class=\"p2\"><b>La vie associative<\/b><\/h4>\n<p class=\"p2\">L\u2019association Bandits-Mages a \u00e9t\u00e9 pr\u00e9sid\u00e9e et dirig\u00e9e par Jean-Paul Labro, d\u00e8s l\u2019origine, de 1991 \u00e0 2004. En 2001, c\u2019est Christian Merlhiot, cin\u00e9aste, qui en assure la pr\u00e9sidence jusqu\u2019en 2004, puis c\u2019est Jean-Paul Labro qui reprend la pr\u00e9sidence de l\u2019association. De 2004 \u00e0 2009, deux directeurs se sont succ\u00e9d\u00e9s Christian Van Der Borght en 2005 et Jean-Pascal Vial de 2006 \u00e0 2009. Depuis 2009, l\u2019association est dirig\u00e9e par Isabelle Carlier.<\/p>\n<p class=\"p2\">Le si\u00e8ge de l\u2019association \u00e9tait localis\u00e9 de 1991 \u00e0 1994 \u00e0 l\u2019\u00c9cole nationale des Beaux-Arts de Bourges, puis de 1994 \u00e0 2000 au 5 rue Sansom, dans des locaux mis \u00e0 disposition par la Ville de Bourges. Depuis 2000, l\u2019association est implant\u00e9e \u00e0 la Friche l\u2019Antre-Peaux (locaux \u00e9galement mis \u00e0 disposition de la Ville de Bourges). Des travaux de r\u00e9habilitation sont programm\u00e9s de juillet 2014 \u00e0 juin 2016.<\/p>\n<p class=\"p2\">Aujourd\u2019hui, plusieurs auteurs, artistes (<a href=\"http:\/\/www.sandraemo.net\/\" target=\"_blank\">Sandra Emonet<\/a>, <a href=\"http:\/\/www.dailymotion.com\/zuzu58\" target=\"_blank\">Philippe Zunino<\/a>, les membres de la galerie du Cartable : David Legrand et Fabrice Cotinat, &#8230;), m\u00e9dia-activistes (<a href=\"http:\/\/www.ewenchardronnet.com\/about.html\" target=\"_blank\">Ewen Chardronnet<\/a>,Vanessa Brunet, H\u00e9l\u00e8ne Chaudeau, &#8230; ), cin\u00e9astes (<a href=\"http:\/\/www.borislehman.be\/\" target=\"_blank\">Boris Lehman<\/a>, <a href=\"www.banditnet.fr\/carodelaporte\" target=\"_blank\">Caroline Delaporte<\/a>, &#8230;), \u00e9tudiants sont des membres actifs de Bandits-Mages ou des contributeurs r\u00e9guliers. Ils participent ainsi naturellement aux orientations de l\u2019association ainsi qu\u2019\u00e0 sa programmation.<\/p>","protected":false},"excerpt":{"rendered":"<p>D\u2019abord un Festival &nbsp; C\u2019est gr\u00e2ce \u00e0 l\u2019impulsion et la volont\u00e9 d\u2019\u00e9tudiants et enseignants des Beaux-Arts de Bourges qu\u2019est n\u00e9e l\u2019association Bandits-Mages en 1991. Ses fondateurs sont\u00a0 Roland Baladi, St\u00e9phane Beaudonnet, Nicolas Denise, Muriel Drouot, Jean-Paul Labro, Gilles Martinez, Christian Merlhiot et Fr\u00e9d\u00e9ric Terrier. \u00ab\u00a0Inventifs, astucieux, lucides, ils ont envie de partager et de faire&hellip;<\/p>\n","protected":false},"author":1,"featured_media":960,"parent":0,"menu_order":0,"comment_status":"closed","ping_status":"closed","template":"templates\/fullwidth.php","meta":[],"_links":{"self":[{"href":"https:\/\/bandits-mages.antrepeaux.net\/es\/wp-json\/wp\/v2\/pages\/425"}],"collection":[{"href":"https:\/\/bandits-mages.antrepeaux.net\/es\/wp-json\/wp\/v2\/pages"}],"about":[{"href":"https:\/\/bandits-mages.antrepeaux.net\/es\/wp-json\/wp\/v2\/types\/page"}],"author":[{"embeddable":true,"href":"https:\/\/bandits-mages.antrepeaux.net\/es\/wp-json\/wp\/v2\/users\/1"}],"replies":[{"embeddable":true,"href":"https:\/\/bandits-mages.antrepeaux.net\/es\/wp-json\/wp\/v2\/comments?post=425"}],"version-history":[{"count":17,"href":"https:\/\/bandits-mages.antrepeaux.net\/es\/wp-json\/wp\/v2\/pages\/425\/revisions"}],"predecessor-version":[{"id":2643,"href":"https:\/\/bandits-mages.antrepeaux.net\/es\/wp-json\/wp\/v2\/pages\/425\/revisions\/2643"}],"wp:featuredmedia":[{"embeddable":true,"href":"https:\/\/bandits-mages.antrepeaux.net\/es\/wp-json\/wp\/v2\/media\/960"}],"wp:attachment":[{"href":"https:\/\/bandits-mages.antrepeaux.net\/es\/wp-json\/wp\/v2\/media?parent=425"}],"curies":[{"name":"wp","href":"https:\/\/api.w.org\/{rel}","templated":true}]}}

Présentation

<h3 class="p1"><b>D’abord un Festival</b></h3>
<p>&nbsp;</p>
<p class="p2">C’est grâce à l’impulsion et la volonté d’étudiants et enseignants des Beaux-Arts de Bourges qu’est née l’association Bandits-Mages en 1991. Ses fondateurs sont<span class="s1"> </span> Roland Baladi, Stéphane Beaudonnet, Nicolas Denise, Muriel Drouot, Jean-Paul Labro, Gilles Martinez, Christian Merlhiot et Frédéric Terrier.</p>
<blockquote class="p2"><p>« Inventifs, astucieux, lucides, ils ont envie de partager et de faire partager leur passion pour des images qui ne soient pas celles, trop usées, trop vides, trop peu imaginatives, auxquelles nous sommes constamment exposés.<span class="s1"> </span>» — Patrick Talbot, 1993.</p></blockquote>
<p class="p2">Ce groupe audacieux avait pour objectif premier de faire connaître la création vidéo, en pleine émergence dans les écoles d’art. Il défendait un médium, outil en devenir pour les artistes. En 1992, il organisait les premières rencontres des écoles d’art en France. Et pour ne se priver d’aucune pratique parente de l’art vidéo, Bandits-Mages a aussi été dès ses débuts un lieu de diffusion du cinéma expérimental, de la performance, de la création multimédia (ou arts médiatiques, sonores et visuels).<br />
Une grande famille du mouvement.</p>
<p class="p2">Sous cette impulsion se dévoile la nécessité encore vivante de soutenir des pratiques indépendantes et en perpétuelle mutation. Espace de confrontation entre étudiants, jeunes artistes et artistes de référence, le Festival a été l’occasion d’inviter de grandes figures, comme Harun Farocki (1997) et Thierry Kuntzel (1999).</p>
<p class="p2">Il connaîtra ensuite plusieurs étapes de changement dans ses orientations et dans sa programmation, sans jamais perdre son âme militante.</p>
<p class="p2"><strong>Entre 2003 et 2007,</strong> le Festival se focalise sur la création vidéo, cinématographique et multimédia d’un pays invité et devient l’occasion d’inviter des artistes et cinéastes du Danemark, de la Hollande, de la Belgique et du Portugal.</p>
<p class="p2"><strong>Entre 2007 et 2011,</strong> sur la proposition de Paul Devautour, alors directeur de l’École nationale supérieure d’art de Bourges, le Festival se dote d’un prix : le Bonnet d’or. Ce prix permet à des étudiants français ou étrangers d’exposer lors de la Biennale d’art contemporain de Bourges d’une part et, de l’autre, à de jeunes artistes vidéastes de bénéficier d’une bourse de 2000€ offerte par le Conseil général du Cher.</p>
<p class="p2"><strong>En 2013,</strong> le Festival prend un nouveau tournant et s’annualise sous la forme de Rencontres dans les champs désormais circonscrits de « l’image en mouvement » et des « arts médiatiques »<span class="s2">1</span>. Ces rencontres ont la particularité d’être construites comme un espace d’expérimentation pour des groupes d’étudiants de plusieurs écoles d’arts françaises (workshops, stages, groupes de recherches) et comme une plate-forme de programmation conçue avec des artistes et des acteurs de la création vidéo et cinématographique contemporaine.</p>
<p class="p2">Si le Festival a pu s’inscrire dans le paysage local, c’est grâce à ses partenaires historiques comme l’<a href="http://www.ensa-bourges.fr/">École nationale supérieure d’Art de Bourges</a> et la <a href="http://www.mcbourges.com/">Maison de la Culture</a>, et à l’implantation de l’association sur la Friche Culturelle l’Antre-Peaux.</p>
<blockquote class="p2"><p>Bandits-Mages est héritière d’une histoire de l’art vidéo et d’une culture dite «<span class="s1"> </span>underground<span class="s1"> </span>», en marge des habitudes culturelles dites « mainstream ». C’est un lieu de fabrique au service des pratiques autonomes et productions alternatives.</p></blockquote>
<p class="p4">Ainsi, Bandits-Mages est une structure unique offrant une plate-forme de résidence, de production, d’expérimentation, de recherche, de diffusion et de sensibilisation dans le domaine élargi des médias contemporains tels que la vidéo, le cinéma, le son, ou encore les objets électroniques et numériques. Autant de possibilités qui confèrent à Bandits-Mages son caractère fluide et modulable pour laisser toute la liberté de s’épanouir à une pensée : celle de l’artiste, du créateur, du philosophe, du pédagogue, de l’étudiant, du chercheur qui vient s’approprier l’outil qu’offre la structure.</p>
<p class="p4">L’activité annuelle de l’association est focalisée d’une part sur l’organisation des Rencontres, et d’autre part sur l’accueil en résidences d’artistes vidéastes ou cinéastes, la production et la diffusion d’œuvres vidéos, cinématographiques <span class="s3">et dites «</span> <span class="s3">médiatiques</span> <span class="s3">»,<span class="Apple-converted-space">  </span>la transmission de ces pratiques artistiques et la formation aux outils numériques. Bandits-Mages offre en ce sens aux artistes un espace de liberté esthétique et de recherche : le Haïdouc.</span></p>
<h3 class="p1"><b>L’association</b></h3>
<p>&nbsp;</p>
<p>L’association est composée d’une équipe de 4 à 6 salariés.</p>
<p class="p2"><b>Les usagers de Bandits-Mages sont alors :</b></p>
<ul>
<li class="p2">les artistes</li>
<li class="p2">les cinéastes indépendants</li>
<li class="p2">les enseignants des écoles d’art et des établissements d’enseignement du cinéma et des pratiques audiovisuelles</li>
<li class="p2">les étudiants des écoles d’art</li>
<li class="p2">les scolaires (collégiens et lycéens)</li>
<li class="p2">les personnes de tous âges en quête d’apprentissage des outils numériques et de la vidéo</li>
<li class="p2">les structures d’enseignement, d’actions sociales et culturelles : les écoles d’art, les associations culturelles, les lycées, les médiathèques, la FOL, le SPIP,<span class="Apple-converted-space">  </span>la CAF, la DRJSCS, la Maison de la culture de Bourges, le Conservatoire de musique et de danse de Bourges, l’ÉPIDE … (liste non exhaustive)</li>
</ul>
<h4 class="p2"><b>La vie associative</b></h4>
<p class="p2">L’association Bandits-Mages a été présidée et dirigée par Jean-Paul Labro, dès l’origine, de 1991 à 2004. En 2001, c’est Christian Merlhiot, cinéaste, qui en assure la présidence jusqu’en 2004, puis c’est Jean-Paul Labro qui reprend la présidence de l’association. De 2004 à 2009, deux directeurs se sont succédés Christian Van Der Borght en 2005 et Jean-Pascal Vial de 2006 à 2009. Depuis 2009, l’association est dirigée par Isabelle Carlier.</p>
<p class="p2">Le siège de l’association était localisé de 1991 à 1994 à l’École nationale des Beaux-Arts de Bourges, puis de 1994 à 2000 au 5 rue Sansom, dans des locaux mis à disposition par la Ville de Bourges. Depuis 2000, l’association est implantée à la Friche l’Antre-Peaux (locaux également mis à disposition de la Ville de Bourges). Des travaux de réhabilitation sont programmés de juillet 2014 à juin 2016.</p>
<p class="p2">Aujourd’hui, plusieurs auteurs, artistes (<a href="http://www.sandraemo.net/" target="_blank">Sandra Emonet</a>, <a href="http://www.dailymotion.com/zuzu58" target="_blank">Philippe Zunino</a>, les membres de la galerie du Cartable : David Legrand et Fabrice Cotinat, &#8230;), média-activistes (<a href="http://www.ewenchardronnet.com/about.html" target="_blank">Ewen Chardronnet</a>,Vanessa Brunet, Hélène Chaudeau, &#8230; ), cinéastes (<a href="http://www.borislehman.be/" target="_blank">Boris Lehman</a>, <a href="www.banditnet.fr/carodelaporte" target="_blank">Caroline Delaporte</a>, &#8230;), étudiants sont des membres actifs de Bandits-Mages ou des contributeurs réguliers. Ils participent ainsi naturellement aux orientations de l’association ainsi qu’à sa programmation.</p>

<p>D’abord un Festival &nbsp; C’est grâce à l’impulsion et la volonté d’étudiants et enseignants des Beaux-Arts de Bourges qu’est née l’association Bandits-Mages en 1991. Ses fondateurs sont  Roland Baladi, Stéphane Beaudonnet, Nicolas Denise, Muriel Drouot, Jean-Paul Labro, Gilles Martinez, Christian Merlhiot et Frédéric Terrier. « Inventifs, astucieux, lucides, ils ont envie de partager et de faire&hellip;</p>
